4).
228
Let v(r) = 2*r**3 + 134*r**2 + 1232*r + 110. What is v(-56)?
110
Let n(x) = -11*x**2 + 68*x + 10. What is n(6)?
22
Let d(b) = 350*b - 716. Give d(2).
-16
Let b(i) = 269*i + 2596. Give b(-10).
-94
Let i(b) = b**2 - 34*b - 24. Determine i(27).
-213
Let k(r) = 7*r**2 - 193*r + 121. What is k(27)?
13
Let z(l) = -25*l**2 - 150*l + 149. What is z(1)?
-26
Let u(q) = q**2 - 14*q - 81. What is u(-7)?
66
Let x(l) = -72*l**2 - 3742*l + 94. What is x(-52)?
-10
Let v(t) = t**3 - 2*t**2 - t - 153. Determine v(6).
-15
Let l(u) = 14*u - 114. Determine l(7).
-16
Let c(t) = -t**2 + 113*t - 3171. What is c(61)?
1
Let c(a) = 196*a + 44298. Calculate c(-226).
2
Let d(k) = k**3 + 5*k**2 + 8*k + 81. What is d(-8)?
-175
Let j(p) = 7*p**2 + 23*p - 1. Give j(-2).
-19
Let j(c) = c**3 + 12*c**2 - 16*c - 5. Determine j(-14).
-173
Let t(j) = 4*j**3 - 32*j**2 - 6*j + 5. Determine t(8).
-43
Let y(p) = -47*p + 28. Calculate y(3).
-113
Let o(q) = -510*q - 1992. Determine o(-4).
48
Let m(p) = 2515*p + 35218. Calculate m(-14).
8
Let y(v) = -240*v + 4536. Determine y(19).
-24
Let j(f) = 23*f + 173. Calculate j(-7).
12
Let x(b) = 18*b + 892. What is x(-50)?
-8
Let i(l) = -l**3 + 15*l**2 - 17*l + 45. Calculate i(14).
3
Let v(z) = z**3 + 50*z**2 + 11*z + 590. Give v(-50).
40
Let n(g) = -8*g**3 + 2912*g**2 - 4*g + 1451. Calculate n(364).
-5
Let y(q) = 398*q - 9186. What is y(23)?
-32
Let g(x) = -x**3 + 24*x**2 + 86*x - 109. What is g(27)?
26
Let d(a) = 7*a**2 + 32*a + 40. Determine d(-4).
24
Let y(m) = 26*m - 1350. Determine y(52).
2
Let c(m) = 2*m**3 + 11*m**2 - 53*m - 18. Calculate c(-9).
-108
Let u(j) = -j**2 - 119*j - 832. Calculate u(-8).
56
Let z(f) = 321*f - 2577. What is z(8)?
-9
Let k(x) = x**3 - 79*x**2 - 233*x - 1111. Determine k(82).
-45
Let p(j) = -89*j - 4640. Give p(-54).
166
Let s(o) = 3*o**2 - 60*o + 527. Calculate s(13).
254
Let v(b) = 2*b**2 + 11*b + 46. Calculate v(-6).
52
Let k(w) = w**3 + 27*w**2 - 3*w + 4. Calculate k(-27).
85
Let k(l) = l**3 - 290*l**2 + 131*l + 45669. Calculate k(289).
7
Let d(z) = -62*z - 98. Give d(-2).
26
Let j(z) = -33*z - 15. What is j(-6)?
183
Let z(c) = c**3 + 10*c**2 + 12*c + 14. Give z(-10).
-106
Let d(c) = -3*c**2 + 8*c - 33. Calculate d(5).
-68
Let t(b) = -198*b**2 + 3169*b - 18. What is t(16)?
-2
Let o(f) = 446*f + 14637. What is o(-33)?
-81
Let d(o) = -2*o**2 - 78*o + 637. Give d(-48).
-227
Let h(u) = -8*u**2 + 381*u + 1156. What is h(-3)?
-59
Let g(d) = -40*d**2 + 227*d + 22. Give g(6).
-56
Let j(o) = o**3 - 12*o**2 + 6*o - 36. Calculate j(10).
-176
Let b(i) = -157*i + 3488. Give b(22).
34
Let j(v) = 10*v + 29. What is j(-7)?
-41
Let c(y) = -230*y + 481. Determine c(3).
-209
Let r(v) = -v**3 - 14*v**2 + 768*v - 866. What is r(-36)?
-2
Let z(l) = -1200*l + 12023. Give z(10).
23
Let a(l) = -3*l**3 - 13*l**2 + 7. What is a(-4)?
-9
Let c(b) = -94*b - 1412. Give c(-15).
-2
Let t(q) = q**3 + 14*q**2 + 46*q + 61. Give t(-7).
82
Let p(j) = -112*j**2 + 3*j - 6. Determine p(1).
-115
Let z(s) = -s**2 - 17*s + 48. Give z(-15).
78
Let i(y) = 4*y**2 - 22*y - 191. What is i(10)?
-11
Let u(k) = 11*k - 929. Calculate u(79).
-60
Let m(t) = -3*t**2 + 24*t - 66. Determine m(12).
-210
Let f(s) = -5*s**3 - 39*s**2 - 45*s - 4. What is f(-1)?
7
Let q(n) = 3*n**3 - 32*n**2 + 50*n - 25. What is q(9)?
20
Let s(l) = 60*l - 425. Determine s(4).
-185
Let v(u) = -u**2 - 100*u + 12. Determine v(0).
12
Let b(h) = 3700*h - 22176. Give b(6).
24
Let p(y) = -y**2 - 70*y - 451. Give p(-26).
693
Let f(k) = k**2 + 8*k - 19. Calculate f(5).
46
Let l(k) = 62*k + 225. Give l(-3).
39
Let b(z) = 8*z**3 - 33*z**2 - 10*z - 8. What is b(4)?
-64
Let x(o) = -51*o**2 - 1630*o + 85. What is x(-32)?
21
Let w(b) = -8*b + 25. Calculate w(7).
-31
Let r(q) = q**2 - 489*q + 1934. Give r(4).
-6
Let m(p) = -p**3 - 43*p**2 - 218*p + 134. Calculate m(-37).
-14
Let m(l) = 16*l**3 - 167*l**2 + 96*l - 267. Calculate m(10).
-7
Let h(v) = -15*v**3 - 3*v**2 - v + 4. What is h(1)?
-15
Let m(p) = -p**3 - 124*p**2 + 252*p - 75. Calculate m(-126).
-75
Let j(f) = f**3 - 22*f**2 - 42*f - 9. Calculate j(24).
135
Let w(j) = 15*j - 50. What is w(0)?
-50
Let y(l) = 2*l**2 + 34*l + 139. Determine y(-3).
55
Let d(i) = -13*i**2 + 2497*i - 212. Give d(192).
-20
Let s(y) = 7358*y - 22066. What is s(3)?
8
Let f(r) = 2*r**2 - 85*r + 624. Determine f(10).
-26
Let c(k) = 25*k - 123. Calculate c(9).
102
Let v(s) = s**2 + 84*s + 1658. Determine v(-32).
-6
Let m(x) = -x**3 - 87*x**2 + 467*x + 642. Determine m(-92).
-2
Let g(z) = z**2 + 30*z - 17. Give g(-11).
-226
Let z(r) = 2484*r - 19811. Calculate z(8).
61
Let w(f) = -40*f + 128. Calculate w(8).
-192
Let m(s) = 289*s - 528. Determine m(4).
628
Let n(k) = -166*k + 936. Give n(5).
106
Let i(m) = 1191*m - 4724. Give i(4).
40
Let u(o) = -40*o - 567. What is u(-14)?
-7
Let k(a) = 2*a**3 - 397*a**2 + 91*a + 21185. What is k(198)?
-1
Let w(n) = -7*n**2 - 758*n - 2425. What is w(-105)?
-10
Let z(k) = -k**3 + 9*k**2 - 15*k + 132. Give z(9).
-3
Let n(x) = -2*x**2 - 15*x - 55. Determine n(-6).
-37
Let l(c) = -491*c - 12770. Determine l(-26).
-4
Let n(a) = 879*a + 167002. Calculate n(-190).
-8
Let o(g) = -g**3 + 3*g**2 - 57*g + 248. Give o(4).
4
Let z(p) = -p**3 + 6*p**2 + 42*p - 60. Calculate z(-5).
5
Let w(n) = 11*n - 17. Determine w(16).
159
Let d(w) = -53*w + 13140. Give d(248).
-4
Let z(s) = s**3 + 23*s**2 + 72*s - 89. Give z(-19).
-13
Let k(g) = -g**3 + 221*g**2 - 440*g + 442. Determine k(219).
4
Let n(i) = -286*i + 6843. Give n(24).
-21
Let q(k) = k**3 - 160*k**2 + 316*k + 60. What is q(158)?
60
Let x(k) = -k**3 - 4*k**2 + 270*k + 1336. Calculate x(-5).
11
Let j(d) = 43*d + 627. Give j(-14).
25
Let h(i) = -3*i**2 + 9*i + 61. What is h(-6)?
-101
Let l(u) = -u**3 - 31*u**2 + 12*u + 372. Calculate l(-31).
0
Let i(c) = c**3 + 13*c**2 - 11*c - 16. What is i(-14)?
-58
Let i(o) = o**2 - 28*o - 414. Give i(-18).
414
Let s(y) = -8*y**2 - 70*y - 125. What is s(-6)?
7
Let x(a) = -3*a**3 - 48*a**2 + 37*a - 217. Determine x(-17).
21
Let j(u) = -7*u**2 + 9*u + 27. Determine j(-4).
-121
Let s(k) = 3*k**3 + 305*k**2 + 202*k - 9. What is s(-101)?
-9
Let l(d) = -39*d**2 + 18*d + 24. Determine l(-2).
-168
Let i(x) = -4396*x**2 + 101108*x - 1. Determine i(23).
-1
Let j(m) = m**3 - 76*m**2 - 405*m + 39. Give j(81).
39
Let s(w) = -4*w**2 - 21*w - 89. Determine s(-6).
-107
Let g(i) = -i**3 - 3*i**2 - 24*i - 70. What is g(-3)?
2
Let f(n) = -131*n - 22133. Determine f(-169).
6
Let z(i) = -i**2 + 26*i + 1853. Determine z(-32).
-3
Let z(l) = l**3 + 4*l**2 - 6*l - 17. What is z(0)?
-17
Let c(j) = -28*j**2 - 898*j - 37. Calculate c(-32).
27
Let v(l) = -26*l + 59. Calculate v(5).
-71
Let f(j) = -j**2 - 8*j - 10. Calculate f(6).
-94
Let z(m) = m**3 - 30*m**2 + 247*m - 417. Determine z(11).
1
Let b(k) = 15*k**2 + 142*k + 8. What is b(-11)?
261
Let b(z) = -6*z**3 - 13*z**2 - 9*z + 3. Give b(-1).
5
Let h(w) = 5*w**2 + 4171*w + 28943. Calculate h(-7).
-9
Let x(y) = 2*y**3 + 6*y**2 - 29*y + 8. Determine x(-6).
-34
Let l(i) = -8*i**2 - 1823*i - 3376. What is l(-226)?
14
Let d(g) = -319*g + 16896. Give d(53).
-11
Let s(j) = -j**3 - 3*j**2 + 27*j - 31. Calculate s(5).
-96
Let x(g) = 130*g**2 + 10270*g + 21. Give x(-79).
21
Let w(j) = 30*j - 313. Calculate w(16).
167
Let n(s) = s**2 + 11*s + 8. What is n(-12)?
20
Let d(c) = -3*c - 172. Give d(-59).
5
Let g(p) = -3*p**2 + 281*p - 2897. What is g(11)?
-169
Let j(t) = 35*t + 1690. What is j(-48)?
10
Let y(b) = -b**3 + 14*b**2 + 8*b + 39. Determine y(15).
-66
Let r(t) = 4*t**3 - 187*t**2 - 57*t + 470. What is r(47)?
0
Let w(z) = -2*z**2 + 29*z - 99. Give w(7).
6
Let n(p) = -p**3 + 4*p**2 - p + 16. Determine n(8).
-248
Let i(c) = -c**2 - 33*c + 399. Determine i(10).
-31
Let i(d) = -780*d + 1559. Determine i(2).
-1
Let k(j) = j**3 - 72*j**2 - 79*j + 229. Give k(73).
-209
Let r(x) = -93*x - 51. Calculate r(4).
-423
Let l(c) = -2*c**3 - 376*c**2 - 379*c - 966. What is l(-187)?
-31
Let d(s) = 56*s - 1144. Give d(20).
-24
Let d(y) = y**3 + 46*y**2 + 83*y + 1712. Calculate d(-45).
2
Let w(p) = p**3 + 14*p**2 - 58*p + 17. Calculate w(3).
-4
Let z(w) = w**3 + 18*w**2 - 482*w + 438. Give z(-33).
9
Let a(x) = 222*x - 1565. Determine a(7).
-11
Let j(f) = -335*f - 5034. Calculate j(-15).
-9
Let p(v) = v**3 + 5*v**2 - 28*v - 112. Determine p(-6).
20
Let i(v) = -3